{"id":4434,"date":"2015-08-04T11:42:18","date_gmt":"2015-08-04T17:42:18","guid":{"rendered":"http:\/\/www.guiamedicamorelos.com\/wp-medicos\/acupunturitas-en-cuernavaca-copy\/"},"modified":"2019-01-16T13:48:39","modified_gmt":"2019-01-16T19:48:39","slug":"cirujanos-maxilofaciales-en-cuernavaca","status":"publish","type":"page","link":"https:\/\/www.guiamedicamorelos.com\/wp-medicos\/cirujanos-maxilofaciales-en-cuernavaca\/","title":{"rendered":"Cirujanos Maxilofaciales en Cuernavaca"},"content":{"rendered":"<!--themify_builder_content-->\n<div id=\"themify_builder_content-4434\" data-postid=\"4434\" class=\"themify_builder_content themify_builder_content-4434 themify_builder tf_clear\">\n                    <div  data-lazy=\"1\" class=\"module_row themify_builder_row tb_6312a28 tb_first tf_w\">\n                        <div class=\"row_inner gutter-narrow col_align_top tb_col_count_2 tf_box tf_rel\">\n                        <div  data-lazy=\"1\" class=\"module_column tb-column col3-2 tb_b9c58d9 first\">\n                    <!-- module text -->\n<div  class=\"module module-text tb_464fa5b   \" data-lazy=\"1\">\n        <div  class=\"tb_text_wrap\">\n        <div class=\"tb_layout_part_wrap tf_w\"><!--themify_builder_content-->\n    <div  class=\"themify_builder_content themify_builder_content-5987 themify_builder not_editable_builder in_the_loop\" data-postid=\"5987\">\n                        <div  data-lazy=\"1\" class=\"module_row themify_builder_row tb_tb72447 tf_w\">\n                        <div class=\"row_inner col_align_top tb_col_count_1 tf_box tf_rel\">\n                        <div  data-lazy=\"1\" class=\"module_column tb-column col-full  tb_urq0777 first\">\n                    <!-- module image -->\n<div  class=\"module module-image tb_z3pd710 image-center    auto_fullwidth tf_mw\" data-lazy=\"1\">\n        <div class=\"image-wrap tf_rel tf_mw\">\n            <a href=\"http:\/\/www.guiamedicamorelos.com\/torre-medica-cuernavaca\">\n                   <img loading=\"lazy\" decoding=\"async\" src=\"http:\/\/www.guiamedicamorelos.com\/wp-medicos\/wp-content\/uploads\/2017\/05\/banner-torremedicacuernavaca-02.jpg\" width=\"700\" height=\"100\" title=\"Cirujanos Maxilofaciales en Cuernavaca\" alt=\"Cirujanos Maxilofaciales en Cuernavaca\">        <\/a>\n    \n        <\/div>\n    <!-- \/image-wrap -->\n    \n        <\/div>\n<!-- \/module image -->        <\/div>\n                        <\/div>\n        <\/div>\n            <\/div>\n<!--\/themify_builder_content--><\/div>\n    <\/div>\n<\/div>\n<!-- \/module text --><!-- module text -->\n<div  class=\"module module-text tb_470a717   \" data-lazy=\"1\">\n        <div  class=\"tb_text_wrap\">\n        <p>Cirujanos Maxilofaciales en Cuernavaca<\/p>    <\/div>\n<\/div>\n<!-- \/module text --><!-- module text -->\n<div  class=\"module module-text tb_acde8d5   \" data-lazy=\"1\">\n        <div  class=\"tb_text_wrap\">\n        <p><strong>Dra. Maricela Herrera Pineda <br \/><\/strong>Col. Lomas de la Selva <br \/>Tel. (777) 317-6703<br \/>Cuernavaca, Mor.<br \/><hr class=\"shortcode hr \"  \/><br \/><br \/><br \/><strong>Dr. Adrian Salgado<\/strong><br \/>Col. Vista Hermosa <br \/>Tel. (777) 315-6333<br \/>Cuernavaca, Mor.<br \/><hr class=\"shortcode hr \"  \/><br \/><br \/><br \/><strong>Odontolog\u00eda San Rafael<\/strong><br \/>Col. Jacarandas <br \/>Tel. (777) 314-5564<br \/>Cuernavaca, Mor.<br \/><hr class=\"shortcode hr \"  \/><br \/><br \/><br \/><strong>Dr. Rom\u00e1n Acevedo Barba<\/strong><br \/>Col. Volcanes <br \/>Tel. (777) 322-8082<br \/>Cuernavaca, Mor.<br \/><hr class=\"shortcode hr \"  \/><br \/><br \/><br \/><strong>Dr. Jos\u00e9 Luis Molina Moguel<br \/><\/strong>Col. Vista Hermosa<br \/>Tel. (777) 316-0082<br \/>Cuernavaca, Mor.<br \/><br \/><\/p><p>\u00a0<\/p><p>\u00a0<\/p><p>\u00a0<\/p>    <\/div>\n<\/div>\n<!-- \/module text -->        <\/div>\n                    <div  data-lazy=\"1\" class=\"module_column tb-column col3-1 tb_728cdd3 last\">\n                    <!-- module text -->\n<div  class=\"module module-text tb_d9b63e0   \" data-lazy=\"1\">\n        <div  class=\"tb_text_wrap\">\n            <\/div>\n<\/div>\n<!-- \/module text --><!-- module text -->\n<div  class=\"module module-text tb_0c2f014   \" data-lazy=\"1\">\n        <div  class=\"tb_text_wrap\">\n            <\/div>\n<\/div>\n<!-- \/module text -->        <\/div>\n                        <\/div>\n        <\/div>\n                        <div  data-lazy=\"1\" class=\"module_row themify_builder_row tb_5417bd4 tf_w\">\n                        <div class=\"row_inner col_align_top tb_col_count_1 tf_box tf_rel\">\n                        <div  data-lazy=\"1\" class=\"module_column tb-column col-full tb_8bdc60b first\">\n                    <!-- module text -->\n<div  class=\"module module-text tb_3490387  repeat \" data-lazy=\"1\">\n        <div  class=\"tb_text_wrap\">\n        <p><strong>NOTA IMPORTANTE:<\/strong> El objetivo de Gu\u00eda M\u00e9dica Morelos, es meramente informativo y de uso publicitario, sin recomendar expl\u00edcitamente alg\u00fan servicio y\/o producto aqu\u00ed anunciado o listado.<\/p>    <\/div>\n<\/div>\n<!-- \/module text -->        <\/div>\n                        <\/div>\n        <\/div>\n        <\/div>\n<!--\/themify_builder_content-->","protected":false},"excerpt":{"rendered":"<p>Cirujanos Maxilofaciales en Cuernavaca Dra. Maricela Herrera Pineda Col. Lomas de la Selva Tel. (777) 317-6703Cuernavaca, Mor. Dr. Adrian SalgadoCol. Vista Hermosa Tel. (777) 315-6333Cuernavaca, Mor. Odontolog\u00eda San RafaelCol. Jacarandas Tel. (777) 314-5564Cuernavaca, Mor. Dr. Rom\u00e1n Acevedo BarbaCol. Volcanes Tel. (777) 322-8082Cuernavaca, Mor. Dr. Jos\u00e9 Luis Molina MoguelCol. Vista HermosaTel. (777) 316-0082Cuernavaca, Mor. \u00a0 \u00a0 [&hellip;]<\/p>\n","protected":false},"author":1,"featured_media":0,"parent":0,"menu_order":0,"comment_status":"closed","ping_status":"closed","template":"","meta":{"_monsterinsights_skip_tracking":false,"_monsterinsights_sitenote_active":false,"_monsterinsights_sitenote_note":"","_monsterinsights_sitenote_category":0,"footnotes":""},"class_list":["post-4434","page","type-page","status-publish","hentry","has-post-title","has-post-date","has-post-category","has-post-tag","has-post-comment","has-post-author",""],"amp_enabled":true,"builder_content":"[themify_layout_part id=5987]\n<p>Cirujanos Maxilofaciales en Cuernavaca<\/p>\n<p><strong>Dra. Maricela Herrera Pineda <br \/><\/strong>Col. Lomas de la Selva <br \/>Tel. (777) 317-6703<br \/>Cuernavaca, Mor.<br \/>[themify_hr color=\\\"light-gray\\\" width=\\\"100%\\\" border_width=\\\"1px\\\" ]<br \/><br \/><br \/><strong>Dr. Adrian Salgado<\/strong><br \/>Col. Vista Hermosa <br \/>Tel. (777) 315-6333<br \/>Cuernavaca, Mor.<br \/>[themify_hr color=\\\"light-gray\\\" width=\\\"100%\\\" border_width=\\\"1px\\\" ]<br \/><br \/><br \/><strong>Odontolog\u00eda San Rafael<\/strong><br \/>Col. Jacarandas <br \/>Tel. (777) 314-5564<br \/>Cuernavaca, Mor.<br \/>[themify_hr color=\\\"light-gray\\\" width=\\\"100%\\\" border_width=\\\"1px\\\" ]<br \/><br \/><br \/><strong>Dr. Rom\u00e1n Acevedo Barba<\/strong><br \/>Col. Volcanes <br \/>Tel. (777) 322-8082<br \/>Cuernavaca, Mor.<br \/>[themify_hr color=\\\"light-gray\\\" width=\\\"100%\\\" border_width=\\\"1px\\\" ]<br \/><br \/><br \/><strong>Dr. Jos\u00e9 Luis Molina Moguel<br \/><\/strong>Col. Vista Hermosa<br \/>Tel. (777) 316-0082<br \/>Cuernavaca, Mor.<br \/><br \/><\/p><p>\u00a0<\/p><p>\u00a0<\/p><p>\u00a0<\/p>\n<p>[themify_layout_part slug=\\\"siguenos-facebook\\\"]<\/p>\n<p>[themify_layout_part id=\\\"4771\\\"]<\/p>\n<p><strong>NOTA IMPORTANTE:<\/strong> El objetivo de Gu\u00eda M\u00e9dica Morelos, es meramente informativo y de uso publicitario, sin recomendar expl\u00edcitamente alg\u00fan servicio y\/o producto aqu\u00ed anunciado o listado.<\/p>","_links":{"self":[{"href":"https:\/\/www.guiamedicamorelos.com\/wp-medicos\/wp-json\/wp\/v2\/pages\/4434","targetHints":{"allow":["GET"]}}],"collection":[{"href":"https:\/\/www.guiamedicamorelos.com\/wp-medicos\/wp-json\/wp\/v2\/pages"}],"about":[{"href":"https:\/\/www.guiamedicamorelos.com\/wp-medicos\/wp-json\/wp\/v2\/types\/page"}],"author":[{"embeddable":true,"href":"https:\/\/www.guiamedicamorelos.com\/wp-medicos\/wp-json\/wp\/v2\/users\/1"}],"replies":[{"embeddable":true,"href":"https:\/\/www.guiamedicamorelos.com\/wp-medicos\/wp-json\/wp\/v2\/comments?post=4434"}],"version-history":[{"count":8,"href":"https:\/\/www.guiamedicamorelos.com\/wp-medicos\/wp-json\/wp\/v2\/pages\/4434\/revisions"}],"predecessor-version":[{"id":8718,"href":"https:\/\/www.guiamedicamorelos.com\/wp-medicos\/wp-json\/wp\/v2\/pages\/4434\/revisions\/8718"}],"wp:attachment":[{"href":"https:\/\/www.guiamedicamorelos.com\/wp-medicos\/wp-json\/wp\/v2\/media?parent=4434"}],"curies":[{"name":"wp","href":"https:\/\/api.w.org\/{rel}","templated":true}]}}