{"id":4528,"date":"2015-08-07T11:35:25","date_gmt":"2015-08-07T17:35:25","guid":{"rendered":"http:\/\/www.guiamedicamorelos.com\/wp-medicos\/podologos-en-cuernavaca-copy\/"},"modified":"2020-10-29T15:38:40","modified_gmt":"2020-10-29T21:38:40","slug":"proctologos-en-cuernavaca","status":"publish","type":"page","link":"https:\/\/www.guiamedicamorelos.com\/wp-medicos\/proctologos-en-cuernavaca\/","title":{"rendered":"Proct\u00f3logos en Cuernavaca"},"content":{"rendered":"<!--themify_builder_content-->\n<div id=\"themify_builder_content-4528\" data-postid=\"4528\" class=\"themify_builder_content themify_builder_content-4528 themify_builder tf_clear\">\n                    <div  data-lazy=\"1\" class=\"module_row themify_builder_row tb_pxpv541 tb_first tf_w\">\n                        <div class=\"row_inner gutter-narrow col_align_top tb_col_count_2 tf_box tf_rel\">\n                        <div  data-lazy=\"1\" class=\"module_column tb-column col3-2 tb_sob4553 first\">\n                    <!-- module text -->\n<div  class=\"module module-text tb_robi556   \" data-lazy=\"1\">\n        <div  class=\"tb_text_wrap\">\n        <div class=\"tb_layout_part_wrap tf_w\"><!--themify_builder_content-->\n    <div  class=\"themify_builder_content themify_builder_content-5987 themify_builder not_editable_builder in_the_loop\" data-postid=\"5987\">\n                        <div  data-lazy=\"1\" class=\"module_row themify_builder_row tb_tb72447 tf_w\">\n                        <div class=\"row_inner col_align_top tb_col_count_1 tf_box tf_rel\">\n                        <div  data-lazy=\"1\" class=\"module_column tb-column col-full  tb_urq0777 first\">\n                    <!-- module image -->\n<div  class=\"module module-image tb_z3pd710 image-center    auto_fullwidth tf_mw\" data-lazy=\"1\">\n        <div class=\"image-wrap tf_rel tf_mw\">\n            <a href=\"http:\/\/www.guiamedicamorelos.com\/torre-medica-cuernavaca\">\n                   <img loading=\"lazy\" decoding=\"async\" src=\"http:\/\/www.guiamedicamorelos.com\/wp-medicos\/wp-content\/uploads\/2017\/05\/banner-torremedicacuernavaca-02.jpg\" width=\"700\" height=\"100\" title=\"Proct\u00f3logos en Cuernavaca\" alt=\"Proct\u00f3logos en Cuernavaca\">        <\/a>\n    \n        <\/div>\n    <!-- \/image-wrap -->\n    \n        <\/div>\n<!-- \/module image -->        <\/div>\n                        <\/div>\n        <\/div>\n            <\/div>\n<!--\/themify_builder_content--><\/div>\n    <\/div>\n<\/div>\n<!-- \/module text --><!-- module text -->\n<div  class=\"module module-text tb_1cab559   \" data-lazy=\"1\">\n        <div  class=\"tb_text_wrap\">\n        <p>Proct\u00f3logos\u00a0en Cuernavaca<\/p>    <\/div>\n<\/div>\n<!-- \/module text --><!-- module text -->\n<div  class=\"module module-text tb_l077561  repeat \" data-lazy=\"1\">\n        <div  class=\"tb_text_wrap\">\n        <p><a href=\"https:\/\/www.guiamedicamorelos.com\/wp-medicos\/wp-content\/uploads\/2015\/08\/insercion-vip.png\"><img loading=\"lazy\" decoding=\"async\" class=\"alignnone size-full wp-image-4414\" src=\"https:\/\/www.guiamedicamorelos.com\/wp-medicos\/wp-content\/uploads\/2015\/08\/insercion-vip.png\" alt=\"\" width=\"133\" height=\"30\" \/><\/a><\/p>\n<p><span style=\"color: #434b6e; font-family: 'Ubuntu', sans-serif; font-size: 1.5em; line-height: 2em;\"><strong>Dr. Julio C\u00e9sar Rosiles Dom\u00ednguez<br \/><\/strong><\/span>M\u00c9DICO MILITAR<\/p>\n<p><em><strong>C<\/strong>ertificado por el Consejo Mexicano de Cirug\u00eda y\u00a0<strong>C<\/strong>ertificado Consejo Mexicano de Especialistas en Coloproctolog\u00eda, A.C.<br \/><\/em><\/p>\n<p><img loading=\"lazy\" decoding=\"async\" class=\"alignnone size-full wp-image-9364\" src=\"https:\/\/www.guiamedicamorelos.com\/wp-medicos\/wp-content\/uploads\/2020\/02\/dr-julio-cesar-rosiles-coloproctologo-cuernavaca.jpg\" alt=\"\" width=\"300\" height=\"235\" \/><\/p>\n<p><strong>CONSULTORIO<\/strong><br \/>Privada del Carmen No.9, Piso 2<br \/>Col. Las Palmas.<br \/>Cuernavaca, Mor.<\/p>\n<p><strong>CONSULTA PREVIA CITA<\/strong><br \/>Tel. (777) 2900-100\u00a0<br \/>Ext. 2010<\/p>\n<p><strong>URGENCIAS<\/strong><br \/>Cel. (55) 4351-5576<br \/>Puede enviar WhatsApp\u00a0<img loading=\"lazy\" decoding=\"async\" class=\"alignnone wp-image-5092\" src=\"https:\/\/www.guiamedicamorelos.com\/wp-medicos\/wp-content\/uploads\/2016\/07\/logo-whatsapp.png\" alt=\"\" width=\"15\" height=\"14\" \/><\/p>    <\/div>\n<\/div>\n<!-- \/module text --><!-- module accordion -->\n<div  class=\"module module-accordion tb_skr4815 \" data-behavior=\"toggle\" data-lazy=\"1\">\n    \n    <ul class=\"ui module-accordion  rounded shadow tb_default_color\">\n            <li class=\"builder-accordion-active\">\n            <div class=\"accordion-title tf_rel\">\n                <a href=\"#acc-skr4815-0\" class=\"tb_title_accordion\" aria-controls=\"acc-skr4815-0-content\" aria-expanded=\"true\">\n                    <i class=\"accordion-icon tf_hide\"><svg  class=\"tf_fa tf-fas-chevron-down\" aria-hidden=\"true\"><use href=\"#tf-fas-chevron-down\"><\/use><\/svg><\/i>                    <i class=\"accordion-active-icon\"><svg  class=\"tf_fa tf-fas-chevron-up\" aria-hidden=\"true\"><use href=\"#tf-fas-chevron-up\"><\/use><\/svg><\/i>                    Servicios                <\/a>\n            <\/div><!-- .accordion-title -->\n            <div id=\"acc-skr4815-0-content\" data-id=\"acc-skr4815-0\" aria-hidden=\"false\" class=\"accordion-content tf_clearfix\">\n                                    <div class=\"tb_text_wrap\">\n                        <p>Tratamiento M\u00e9dico y Quir\u00fargico para Padecimientos de<br \/>\u00c1rea Digestiva, Colon, Recto y Ano.<\/p>\n<p><strong>Cirug\u00edas Coloproctol\u00f3gicas:<br \/><\/strong>Hemorroides, abscesos, fisuras y f\u00edstulas perianales, con t\u00e9cnica quir\u00fargica avanzada y menos dolorosa.<\/p>\n<p>Cirug\u00eda de piso p\u00e9lvico (reconstrucci\u00f3n y fortalecimiento de m\u00fasculos de la pelvis).<\/p>\n<p>Cirug\u00eda col\u00f3nica (abierta y de m\u00ednima invasi\u00f3n)<\/p>                    <\/div>\n                            <\/div><!-- .accordion-content -->\n        <\/li>\n            <li>\n            <div class=\"accordion-title tf_rel\">\n                <a href=\"#acc-skr4815-1\" class=\"tb_title_accordion\" aria-controls=\"acc-skr4815-1-content\" aria-expanded=\"false\">\n                    <i class=\"accordion-icon\"><svg  class=\"tf_fa tf-fas-chevron-down\" aria-hidden=\"true\"><use href=\"#tf-fas-chevron-down\"><\/use><\/svg><\/i>                    <i class=\"accordion-active-icon tf_hide\"><svg  class=\"tf_fa tf-fas-chevron-up\" aria-hidden=\"true\"><use href=\"#tf-fas-chevron-up\"><\/use><\/svg><\/i>                    Formaci\u00f3n Dr. Julio C\u00e9sar Rosiles Dom\u00ednguez                <\/a>\n            <\/div><!-- .accordion-title -->\n            <div id=\"acc-skr4815-1-content\" data-id=\"acc-skr4815-1\" aria-hidden=\"true\" class=\"accordion-content tf_hide tf_clearfix\">\n                                    <div class=\"tb_text_wrap\">\n                        <p><strong>Dr. Julio C\u00e9sar Rosiles Dom\u00ednguez<\/strong><\/p>\n<p><b>Licenciatura: M\u00e9dico<\/b><strong>\u00a0Cirujano Militar<br \/><\/strong>Escuela M\u00e9dico Militar<br \/>Ciudad de M\u00e9xico<br \/>C\u00e9dula Profesional: 5805401<\/p>\n<p><strong>Especialidad:\u00a0<\/strong><strong>Cirug\u00eda General<\/strong><br \/>Escuela Militar de Graduados de Sanidad<br \/>Ciudad de M\u00e9xico<br \/>C\u00e9dula Especialidad: 10114321<\/p>\n<p><strong>Especialidad: Coloproctolog\u00eda<\/strong><br \/>Escuela Militar de Graduados de Sanidad<br \/>Ciudad de M\u00e9xico<br \/>C\u00e9dula Especialidad: en tr\u00e1mite<\/p>\n<p><strong>Estad\u00edas Formativas:<br \/><\/strong>Instituto Nacional de Cancerolog\u00eda<br \/>Ciudad de M\u00e9xico<\/p>\n<p>Instituto Nacional de Nutrici\u00f3n \u201cSalvador Zubir\u00e1n\u201d<br \/>Ciudad de M\u00e9xico<\/p>                    <\/div>\n                            <\/div><!-- .accordion-content -->\n        <\/li>\n        <\/ul>\n\n<\/div><!-- \/module accordion --><!-- module text -->\n<div  class=\"module module-text tb_w436711   \" data-lazy=\"1\">\n        <div  class=\"tb_text_wrap\">\n        <a href=\"https:\/\/www.drjuliocesarrosilesdominguez.com\/\" class=\"shortcode button    large\" style=\"background-color: #9a9fb9;color: #ffffff;\" target=\"_blank\">Ir a P\u00e1gina Web del Dr. Julio C\u00e9sar Rosiles Dom\u00ednguez<\/a>\n    <\/div>\n<\/div>\n<!-- \/module text --><!-- module text -->\n<div  class=\"module module-text tb_kvsj391  repeat \" data-lazy=\"1\">\n        <div  class=\"tb_text_wrap\">\n        <hr class=\"shortcode hr light-gray\" style=\"width:100%;border-width:1px;\" \/>\n<p><strong>Dr. Sergio Tenorio Morales<\/strong><br \/>\nTel. (777) 311-3915<br \/>\nCuernavaca, Mor.<\/p>\n<p><strong><br \/>\nDr. H\u00e9ctor Garc\u00eda Mungu\u00eda<\/strong><br \/>\nTel. (777) 312-4075 y\u00a0 318-6305<br \/>\nCuernavaca, Mor.<\/p>\n<p><span style=\"line-height: 1.5;\">\u00a0<\/span><\/p>\n    <\/div>\n<\/div>\n<!-- \/module text -->        <\/div>\n                    <div  data-lazy=\"1\" class=\"module_column tb-column col3-1 tb_sipr562 last\">\n                    <!-- module text -->\n<div  class=\"module module-text tb_jpwk564   \" data-lazy=\"1\">\n        <div  class=\"tb_text_wrap\">\n            <\/div>\n<\/div>\n<!-- \/module text --><!-- module text -->\n<div  class=\"module module-text tb_4gt3564   \" data-lazy=\"1\">\n        <div  class=\"tb_text_wrap\">\n        <div class=\"tb_layout_part_wrap tf_w\"><!--themify_builder_content-->\n    <div  class=\"themify_builder_content themify_builder_content-4771 themify_builder not_editable_builder in_the_loop\" data-postid=\"4771\">\n                        <div  data-lazy=\"1\" class=\"module_row themify_builder_row tb_57360ad tf_w\">\n                        <div class=\"row_inner col_align_top tb_col_count_1 tf_box tf_rel\">\n                        <div  data-lazy=\"1\" class=\"module_column tb-column col-full tb_065d41e first\">\n                    <!-- module image -->\n<div  class=\"module module-image tb_ee06636 image-center   tf_mw\" data-lazy=\"1\">\n        <div class=\"image-wrap tf_rel tf_mw\">\n            <a href=\"https:\/\/www.guiamedicamorelos.com\/wp-medicos\/contacto\">\n                   <img loading=\"lazy\" decoding=\"async\" width=\"278\" height=\"111\" src=\"https:\/\/www.guiamedicamorelos.com\/wp-medicos\/wp-content\/uploads\/2015\/07\/anunciate-guiamedicamorelos.jpg\" class=\"wp-post-image wp-image-4347\" alt=\"Gu\u00eda Medica Morelos\" srcset=\"https:\/\/www.guiamedicamorelos.com\/wp-medicos\/wp-content\/uploads\/2015\/07\/anunciate-guiamedicamorelos.jpg 278w, https:\/\/www.guiamedicamorelos.com\/wp-medicos\/wp-content\/uploads\/2015\/07\/anunciate-guiamedicamorelos-375x150.jpg 375w, https:\/\/www.guiamedicamorelos.com\/wp-medicos\/wp-content\/uploads\/2015\/07\/anunciate-guiamedicamorelos-200x80.jpg 200w\" sizes=\"auto, (max-width: 278px) 100vw, 278px\" \/>        <\/a>\n    \n        <\/div>\n    <!-- \/image-wrap -->\n    \n        <\/div>\n<!-- \/module image -->        <\/div>\n                        <\/div>\n        <\/div>\n                        <div  data-lazy=\"1\" class=\"module_row themify_builder_row tb_g0w1509 tf_w\">\n                        <div class=\"row_inner col_align_top tb_col_count_1 tf_box tf_rel\">\n                        <div  data-lazy=\"1\" class=\"module_column tb-column col-full tb_7e8a530 first\">\n                            <\/div>\n                        <\/div>\n        <\/div>\n            <\/div>\n<!--\/themify_builder_content--><\/div>\n    <\/div>\n<\/div>\n<!-- \/module text -->        <\/div>\n                        <\/div>\n        <\/div>\n                        <div  data-lazy=\"1\" class=\"module_row themify_builder_row tb_pu4i542 tf_w\">\n                        <div class=\"row_inner col_align_top tb_col_count_1 tf_box tf_rel\">\n                        <div  data-lazy=\"1\" class=\"module_column tb-column col-full tb_md8w567 first\">\n                    <!-- module text -->\n<div  class=\"module module-text tb_qftb568   \" data-lazy=\"1\">\n        <div  class=\"tb_text_wrap\">\n        <div class=\"tb_layout_part_wrap tf_w\"><!--themify_builder_content-->\n    <div  class=\"themify_builder_content themify_builder_content-4420 themify_builder not_editable_builder in_the_loop\" data-postid=\"4420\">\n                        <div  data-lazy=\"1\" class=\"module_row themify_builder_row tb_aa4f163 tf_w\">\n                        <div class=\"row_inner col_align_top tb_col_count_1 tf_box tf_rel\">\n                        <div  data-lazy=\"1\" class=\"module_column tb-column col-full tb_487b434 first\">\n                    <!-- module text -->\n<div  class=\"module module-text tb_3490387  repeat \" data-lazy=\"1\">\n        <div  class=\"tb_text_wrap\">\n        <p><strong>NOTA IMPORTANTE:<\/strong> El objetivo de Gu\u00eda M\u00e9dica Morelos, es meramente informativo y de uso publicitario, sin recomendar expl\u00edcitamente alg\u00fan servicio y\/o producto aqu\u00ed anunciado o listado.<\/p>    <\/div>\n<\/div>\n<!-- \/module text -->        <\/div>\n                        <\/div>\n        <\/div>\n            <\/div>\n<!--\/themify_builder_content--><\/div>\n    <\/div>\n<\/div>\n<!-- \/module text -->        <\/div>\n                        <\/div>\n        <\/div>\n        <\/div>\n<!--\/themify_builder_content-->","protected":false},"excerpt":{"rendered":"<p>Proct\u00f3logos\u00a0en Cuernavaca Dr. Julio C\u00e9sar Rosiles Dom\u00ednguezM\u00c9DICO MILITAR Certificado por el Consejo Mexicano de Cirug\u00eda y\u00a0Certificado Consejo Mexicano de Especialistas en Coloproctolog\u00eda, A.C. CONSULTORIOPrivada del Carmen No.9, Piso 2Col. Las Palmas.Cuernavaca, Mor. CONSULTA PREVIA CITATel. (777) 2900-100\u00a0Ext. 2010 URGENCIASCel. (55) 4351-5576Puede enviar WhatsApp\u00a0 Servicios Tratamiento M\u00e9dico y Quir\u00fargico para Padecimientos de\u00c1rea Digestiva, Colon, Recto y [&hellip;]<\/p>\n","protected":false},"author":1,"featured_media":0,"parent":0,"menu_order":0,"comment_status":"closed","ping_status":"closed","template":"","meta":{"_monsterinsights_skip_tracking":false,"_monsterinsights_sitenote_active":false,"_monsterinsights_sitenote_note":"","_monsterinsights_sitenote_category":0,"footnotes":""},"class_list":["post-4528","page","type-page","status-publish","hentry","has-post-title","has-post-date","has-post-category","has-post-tag","has-post-comment","has-post-author",""],"amp_enabled":true,"builder_content":"[themify_layout_part id=5987]\n<p>Proct\u00f3logos\u00a0en Cuernavaca<\/p>\n<p><a href=\"https:\/\/www.guiamedicamorelos.com\/wp-medicos\/wp-content\/uploads\/2015\/08\/insercion-vip.png\"><img loading=\"lazy\" decoding=\"async\" src=\"https:\/\/www.guiamedicamorelos.com\/wp-medicos\/wp-content\/uploads\/2015\/08\/insercion-vip.png\" alt=\"\" width=\"133\" height=\"30\" \/><\/a><\/p> <p><strong>Dr. Julio C\u00e9sar Rosiles Dom\u00ednguez<br \/><\/strong>M\u00c9DICO MILITAR<\/p> <p><em><strong>C<\/strong>ertificado por el Consejo Mexicano de Cirug\u00eda y\u00a0<strong>C<\/strong>ertificado Consejo Mexicano de Especialistas en Coloproctolog\u00eda, A.C.<br \/><\/em><\/p> <p><img loading=\"lazy\" decoding=\"async\" src=\"https:\/\/www.guiamedicamorelos.com\/wp-medicos\/wp-content\/uploads\/2020\/02\/dr-julio-cesar-rosiles-coloproctologo-cuernavaca.jpg\" alt=\"\" width=\"300\" height=\"235\" \/><\/p> <p><strong>CONSULTORIO<\/strong><br \/>Privada del Carmen No.9, Piso 2<br \/>Col. Las Palmas.<br \/>Cuernavaca, Mor.<\/p> <p><strong>CONSULTA PREVIA CITA<\/strong><br \/>Tel. (777) 2900-100\u00a0<br \/>Ext. 2010<\/p> <p><strong>URGENCIAS<\/strong><br \/>Cel. (55) 4351-5576<br \/>Puede enviar WhatsApp\u00a0<img loading=\"lazy\" decoding=\"async\" src=\"https:\/\/www.guiamedicamorelos.com\/wp-medicos\/wp-content\/uploads\/2016\/07\/logo-whatsapp.png\" alt=\"\" width=\"15\" height=\"14\" \/><\/p>\n<ul><li><h4>Servicios<\/h4><p>Tratamiento M\u00e9dico y Quir\u00fargico para Padecimientos de<br \/>\u00c1rea Digestiva, Colon, Recto y Ano.<\/p> <p><strong>Cirug\u00edas Coloproctol\u00f3gicas:<br \/><\/strong>Hemorroides, abscesos, fisuras y f\u00edstulas perianales, con t\u00e9cnica quir\u00fargica avanzada y menos dolorosa.<\/p> <p>Cirug\u00eda de piso p\u00e9lvico (reconstrucci\u00f3n y fortalecimiento de m\u00fasculos de la pelvis).<\/p> <p>Cirug\u00eda col\u00f3nica (abierta y de m\u00ednima invasi\u00f3n)<\/p><\/li><li><h4>Formaci\u00f3n Dr. Julio C\u00e9sar Rosiles Dom\u00ednguez<\/h4><p><strong>Dr. Julio C\u00e9sar Rosiles Dom\u00ednguez<\/strong><\/p> <p><b>Licenciatura: M\u00e9dico<\/b><strong>\u00a0Cirujano Militar<br \/><\/strong>Escuela M\u00e9dico Militar<br \/>Ciudad de M\u00e9xico<br \/>C\u00e9dula Profesional: 5805401<\/p> <p><strong>Especialidad:\u00a0<\/strong><strong>Cirug\u00eda General<\/strong><br \/>Escuela Militar de Graduados de Sanidad<br \/>Ciudad de M\u00e9xico<br \/>C\u00e9dula Especialidad: 10114321<\/p> <p><strong>Especialidad: Coloproctolog\u00eda<\/strong><br \/>Escuela Militar de Graduados de Sanidad<br \/>Ciudad de M\u00e9xico<br \/>C\u00e9dula Especialidad: en tr\u00e1mite<\/p> <p><strong>Estad\u00edas Formativas:<br \/><\/strong>Instituto Nacional de Cancerolog\u00eda<br \/>Ciudad de M\u00e9xico<\/p> <p>Instituto Nacional de Nutrici\u00f3n \u201cSalvador Zubir\u00e1n\u201d<br \/>Ciudad de M\u00e9xico<\/p><\/li><\/ul>\n<p>[themify_button style=\"large\" color=\"#9a9fb9\" link=\"https:\/\/www.drjuliocesarrosilesdominguez.com\/\" target=\"_blank\" text=\"#ffffff\" ]Ir a P\u00e1gina Web del Dr. Julio C\u00e9sar Rosiles Dom\u00ednguez[\/themify_button]<\/p>\n<p>[themify_hr color=\"light-gray\" width=\"100%\" border_width=\"1px\" ]<\/p> <p><strong>Dr. Sergio Tenorio Morales<\/strong><br \/> Tel. (777) 311-3915<br \/> Cuernavaca, Mor.<\/p> <p><strong><br \/> Dr. H\u00e9ctor Garc\u00eda Mungu\u00eda<\/strong><br \/> Tel. (777) 312-4075 y\u00a0 318-6305<br \/> Cuernavaca, Mor.<\/p> <p>\u00a0<\/p>\n<p>[themify_layout_part slug=\"siguenos-facebook\"]<\/p>\n<p>[themify_layout_part id=\"4771\"]<\/p>\n<p>[themify_layout_part id=4420]<\/p>","_links":{"self":[{"href":"https:\/\/www.guiamedicamorelos.com\/wp-medicos\/wp-json\/wp\/v2\/pages\/4528","targetHints":{"allow":["GET"]}}],"collection":[{"href":"https:\/\/www.guiamedicamorelos.com\/wp-medicos\/wp-json\/wp\/v2\/pages"}],"about":[{"href":"https:\/\/www.guiamedicamorelos.com\/wp-medicos\/wp-json\/wp\/v2\/types\/page"}],"author":[{"embeddable":true,"href":"https:\/\/www.guiamedicamorelos.com\/wp-medicos\/wp-json\/wp\/v2\/users\/1"}],"replies":[{"embeddable":true,"href":"https:\/\/www.guiamedicamorelos.com\/wp-medicos\/wp-json\/wp\/v2\/comments?post=4528"}],"version-history":[{"count":46,"href":"https:\/\/www.guiamedicamorelos.com\/wp-medicos\/wp-json\/wp\/v2\/pages\/4528\/revisions"}],"predecessor-version":[{"id":9587,"href":"https:\/\/www.guiamedicamorelos.com\/wp-medicos\/wp-json\/wp\/v2\/pages\/4528\/revisions\/9587"}],"wp:attachment":[{"href":"https:\/\/www.guiamedicamorelos.com\/wp-medicos\/wp-json\/wp\/v2\/media?parent=4528"}],"curies":[{"name":"wp","href":"https:\/\/api.w.org\/{rel}","templated":true}]}}